e the remainder when 907 is divided by 101.
99
Calculate the remainder when 63 is divided by 7.
0
Calculate the remainder when 1827 is divided by 15.
12
What is the remainder when 1809 is divided by 49?
45
Calculate the remainder when 8055 is divided by 237.
234
Calculate the remainder when 208 is divided by 104.
0
Calculate the remainder when 187 is divided by 27.
25
Calculate the remainder when 225 is divided by 59.
48
What is the remainder when 570 is divided by 552?
18
What is the remainder when 5913 is divided by 6?
3
Calculate the remainder when 237 is divided by 14.
13
Calculate the remainder when 47 is divided by 36.
11
Calculate the remainder when 236 is divided by 14.
12
What is the remainder when 269 is divided by 141?
128
Calculate the remainder when 90 is divided by 35.
20
Calculate the remainder when 46 is divided by 14.
4
Calculate the remainder when 1525 is divided by 109.
108
Calculate the remainder when 593 is divided by 75.
68
Calculate the remainder when 336 is divided by 98.
42
What is the remainder when 12119 is divided by 101?
100
Calculate the remainder when 148 is divided by 44.
16
Calculate the remainder when 1702 is divided by 282.
10
What is the remainder when 208 is divided by 62?
22
What is the remainder when 682 is divided by 49?
45
Calculate the remainder when 85 is divided by 84.
1
Calculate the remainder when 128 is divided by 62.
4
Calculate the remainder when 2011 is divided by 84.
79
What is the remainder when 8 is divided by 7?
1
Calculate the remainder when 19 is divided by 11.
8
Calculate the remainder when 2404 is divided by 151.
139
What is the remainder when 191 is divided by 29?
17
Calculate the remainder when 269 is divided by 9.
8
What is the remainder when 128 is divided by 116?
12
What is the remainder when 299 is divided by 132?
35
What is the remainder when 133 is divided by 28?
21
Calculate the remainder when 103 is divided by 45.
13
Calculate the remainder when 2681 is divided by 23.
13
What is the remainder when 309 is divided by 39?
36
What is the remainder when 376 is divided by 27?
25
Calculate the remainder when 791 is divided by 22.
21
What is the remainder when 323 is divided by 66?
59
Calculate the remainder when 2067 is divided by 94.
93
What is the remainder when 226 is divided by 105?
16
What is the remainder when 646 is divided by 27?
25
Calculate the remainder when 589 is divided by 199.
191
Calculate the remainder when 1862 is divided by 74.
12
What is the remainder when 143 is divided by 37?
32
What is the remainder when 1562 is divided by 42?
8
Calculate the remainder when 23967 is divided by 28.
27
What is the remainder when 155 is divided by 80?
75
Calculate the remainder when 401 is divided by 81.
77
What is the remainder when 45 is divided by 42?
3
What is the remainder when 18 is divided by 13?
5
What is the remainder when 19550 is divided by 13?
11
What is the remainder when 17997 is divided by 10?
7
Calculate the remainder when 166 is divided by 21.
19
Calculate the remainder when 484 is divided by 209.
66
Calculate the remainder when 5469 is divided by 57.
54
What is the remainder when 218 is divided by 106?
6
What is the remainder when 173 is divided by 44?
41
What is the remainder when 285 is divided by 6?
3
What is the remainder when 264 is divided by 89?
86
Calculate the remainder when 2701 is divided by 33.
28
What is the remainder when 23676 is divided by 11838?
0
What is the remainder when 625 is divided by 153?
13
What is the remainder when 2101 is divided by 31?
24
Calculate the remainder when 621 is divided by 125.
121
Calculate the remainder when 1739 is divided by 176.
155
What is the remainder when 1598 is divided by 230?
218
Calculate the remainder when 479 is divided by 16.
15
What is the remainder when 692 is divided by 77?
76
Calculate the remainder when 9593 is divided by 1598.
5
What is the remainder when 1389 is divided by 17?
12
What is the remainder when 85 is divided by 63?
22
Calculate the remainder when 341 is divided by 336.
5
What is the remainder when 112 is divided by 31?
19
Calculate the remainder when 2111 is divided by 1052.
7
What is the remainder when 1551 is divided by 14?
11
Calculate the remainder when 3133 is divided by 349.
341
Calculate the remainder when 22 is divided by 6.
4
Calculate the remainder when 172 is divided by 36.
28
Calculate the remainder when 185 is divided by 35.
10
Calculate the remainder when 1837 is divided by 40.
37
What is the remainder when 2215 is divided by 22?
15
Calculate the remainder when 125 is divided by 39.
8
What is the remainder when 129 is divided by 4?
1
Calculate the remainder when 153 is divided by 26.
23
Calculate the remainder when 1692 is divided by 77.
75
What is the remainder when 90 is divided by 57?
33
What is the remainder when 435 is divided by 20?
15
What is the remainder when 182 is divided by 145?
37
Calculate the remainder when 171 is divided by 58.
55
What is the remainder when 517 is divided by 130?
127
Calculate the remainder when 220 is divided by 25.
20
Calculate the remainder when 160 is divided by 54.
52
Calculate the remainder when 4236 is divided by 118.
106
What is the remainder when 55 is divided by 13?
3
What is the remainder when 5397 is divided by 15?
12
Calculate the remainder when 1076 is divided by 13.
10
What is the remainder when 704 is divided by 661?
43
Calculate the remainder when 11391 is divided by 9.
6
Calculate the remainder when 81 is divided by 12.
9
What is the remainder when 108 is divided by 28?
24
Calculate the remainder when 32452 is divided by 23.
22
What is the remainder when 540 is divided by 235?
70
What is the remainder when 177 is divided by 37?
29
Calculate the remainder when 233 is divided by 119.
114
Calculate the remainder when 238 is divided by 120.
118
Calculate the remainder when 780 is divided by 46.
44
What is the remainder when 54 is divided by 15?
9
Calculate the remainder when 459 is divided by 21.
18
What is the remainder when 438 is divided by 16?
6
Calculate the remainder when 445 is divided by 113.
106
What is the remainder when 205 is divided by 72?
61
What is the remainder when 711 is divided by 668?
43
What is the remainder when 326 is divided by 33?
29
Calculate the remainder when 13979 is divided by 237.
233
Calculate the remainder when 504 is divided by 85.
79
What is the remainder when 2923 is divided by 5?
3
Calculate the remainder when 54857 is divided by 130.
127
What is the remainder when 3812 is divided by 166?
160
What is the remainder when 130 is divided by 34?
28
Calculate the remainder when 37 is divided by 10.
7
What is the remainder when 2249 is divided by 125?
124
Calculate the remainder when 429 is divided by 29.
23
What is the remainder when 41 is divided by 15?
11
What is the remainder when 38 is divided by 18?
2
What is the remainder when 784 is divided by 17?
2
Calculate the remainder when 338 is divided by 185.
153
Calculate the remainder when 151 is divided by 40.
31
What is the remainder when 335 is divided by 13?
10
Calculate the remainder when 609 is divided by 27.
15
Calculate the remainder when 20 is divided by 11.
9
Calculate the remainder when 359 is divided by 50.
9
What is the remainder when 883 is divided by 34?
33
What is the remainder when 107 is divided by 11?
8
What is the remainder when 133 is divided by 94?
39
What is the remainder when 151 is divided by 150?
1
Calculate the remainder when 15451 is divided by 92.
87
Calculate the remainder when 39 is divided by 11.
6
What is the remainder when 679 is divided by 11?
8
What is the remainder when 26 is divided by 14?
12
What is the remainder when 127 is divided by 19?
13
Calculate the remainder when 1797 is divided by 12.
9
What is the remainder when 106 is divided by 100?
6
What is the remainder when 100 is divided by 12?
4
Calculate the remainder when 526 is divided by 33.
31
What is the remainder when 1805 is divided by 37?
29
Calculate the remainder when 647 is divided by 108.
107
What is the remainder when 5729 is divided by 13?
9
What is the remainder when 1042 is divided by 211?
198
Calculate the remainder when 29 is divided by 26.
3
Calculate the remainder when 435 is divided by 94.
59
Calculate the remainder when 5767 is di